[INFO] cloning repository https://github.com/ZOTTCE/cleo-vm
[INFO] running `Command { std: "git" "-c" "credential.helper=" "-c" "credential.helper=/workspace/cargo-home/bin/git-credential-null" "clone" "--bare" "https://github.com/ZOTTCE/cleo-vm" "/workspace/cache/git-repos/https%3A%2F%2Fgithub.com%2FZOTTCE%2Fcleo-vm", kill_on_drop: false }`
[INFO] [stderr] Cloning into bare repository '/workspace/cache/git-repos/https%3A%2F%2Fgithub.com%2FZOTTCE%2Fcleo-vm'...
[INFO] running `Command { std: "git" "rev-parse" "HEAD", kill_on_drop: false }`
[INFO] [stdout] b2bf6291706bd0c3b35222372f9750145dea6bcd
[INFO] checking ZOTTCE/cleo-vm against master#af3c6e733a40e671550e0f0f5aeecaa13772ba56 for pr-74989
[INFO] running `Command { std: "git" "clone" "/workspace/cache/git-repos/https%3A%2F%2Fgithub.com%2FZOTTCE%2Fcleo-vm" "/workspace/builds/worker-0/source", kill_on_drop: false }`
[INFO] [stderr] Cloning into '/workspace/builds/worker-0/source'...
[INFO] [stderr] done.
[INFO] validating manifest of git repo https://github.com/ZOTTCE/cleo-vm on toolchain af3c6e733a40e671550e0f0f5aeecaa13772ba56
[INFO] running `Command { std: "/workspace/cargo-home/bin/cargo" "+af3c6e733a40e671550e0f0f5aeecaa13772ba56" "read-manifest" "--manifest-path" "Cargo.toml", kill_on_drop: false }`
[INFO] started tweaking git repo https://github.com/ZOTTCE/cleo-vm
[INFO] finished tweaking git repo https://github.com/ZOTTCE/cleo-vm
[INFO] tweaked toml for git repo https://github.com/ZOTTCE/cleo-vm written to /workspace/builds/worker-0/source/Cargo.toml
[INFO] crate git repo https://github.com/ZOTTCE/cleo-vm already has a lockfile, it will not be regenerated
[INFO] running `Command { std: "/workspace/cargo-home/bin/cargo" "+af3c6e733a40e671550e0f0f5aeecaa13772ba56" "fetch" "--locked" "--manifest-path" "Cargo.toml", kill_on_drop: false }`
[INFO] running `Command { std: "docker" "create" "-v" "/var/lib/crater-agent-workspace/builds/worker-0/target:/opt/rustwide/target:rw,Z" "-v" "/var/lib/crater-agent-workspace/builds/worker-0/source:/opt/rustwide/workdir:ro,Z" "-v" "/var/lib/crater-agent-workspace/cargo-home:/opt/rustwide/cargo-home:ro,Z" "-v" "/var/lib/crater-agent-workspace/rustup-home:/opt/rustwide/rustup-home:ro,Z" "-e" "SOURCE_DIR=/opt/rustwide/workdir" "-e" "CARGO_TARGET_DIR=/opt/rustwide/target" "-e" "CARGO_HOME=/opt/rustwide/cargo-home" "-e" "RUSTUP_HOME=/opt/rustwide/rustup-home" "-w" "/opt/rustwide/workdir" "-m" "1610612736" "--user" "0:0" "--network" "none" "rustops/crates-build-env@sha256:d92eaeed33fa75130ca1ee6c8a01d1ffb62bac859dfdfb3450e3e5d1c0146529" "/opt/rustwide/cargo-home/bin/cargo" "+af3c6e733a40e671550e0f0f5aeecaa13772ba56" "metadata" "--no-deps" "--format-version=1", kill_on_drop: false }`
[INFO] [stdout] a661bb7cb1ad0fd5ab08a1bd7fd17bfb2467b99b07f6664fa816bd110ff8cb73
[INFO] [stderr] WARNING: Your kernel does not support swap limit capabilities or the cgroup is not mounted. Memory limited without swap.
[INFO] running `Command { std: "docker" "start" "-a" "a661bb7cb1ad0fd5ab08a1bd7fd17bfb2467b99b07f6664fa816bd110ff8cb73", kill_on_drop: false }`
[INFO] running `Command { std: "docker" "inspect" "a661bb7cb1ad0fd5ab08a1bd7fd17bfb2467b99b07f6664fa816bd110ff8cb73", kill_on_drop: false }`
[INFO] running `Command { std: "docker" "rm" "-f" "a661bb7cb1ad0fd5ab08a1bd7fd17bfb2467b99b07f6664fa816bd110ff8cb73", kill_on_drop: false }`
[INFO] [stdout] a661bb7cb1ad0fd5ab08a1bd7fd17bfb2467b99b07f6664fa816bd110ff8cb73
[INFO] running `Command { std: "docker" "create" "-v" "/var/lib/crater-agent-workspace/builds/worker-0/target:/opt/rustwide/target:rw,Z" "-v" "/var/lib/crater-agent-workspace/builds/worker-0/source:/opt/rustwide/workdir:ro,Z" "-v" "/var/lib/crater-agent-workspace/cargo-home:/opt/rustwide/cargo-home:ro,Z" "-v" "/var/lib/crater-agent-workspace/rustup-home:/opt/rustwide/rustup-home:ro,Z" "-e" "SOURCE_DIR=/opt/rustwide/workdir" "-e" "CARGO_TARGET_DIR=/opt/rustwide/target" "-e" "CARGO_INCREMENTAL=0" "-e" "RUST_BACKTRACE=full" "-e" "RUSTFLAGS=--cap-lints=forbid" "-e" "CARGO_HOME=/opt/rustwide/cargo-home" "-e" "RUSTUP_HOME=/opt/rustwide/rustup-home" "-w" "/opt/rustwide/workdir" "-m" "1610612736" "--user" "0:0" "--network" "none" "rustops/crates-build-env@sha256:d92eaeed33fa75130ca1ee6c8a01d1ffb62bac859dfdfb3450e3e5d1c0146529" "/opt/rustwide/cargo-home/bin/cargo" "+af3c6e733a40e671550e0f0f5aeecaa13772ba56" "check" "--frozen" "--all" "--all-targets" "--message-format=json", kill_on_drop: false }`
[INFO] [stdout] 175728b59648ca79efa3e1f0cce17e3aff91c247392f8043dc121eb04887427c
[INFO] [stderr] WARNING: Your kernel does not support swap limit capabilities or the cgroup is not mounted. Memory limited without swap.
[INFO] running `Command { std: "docker" "start" "-a" "175728b59648ca79efa3e1f0cce17e3aff91c247392f8043dc121eb04887427c", kill_on_drop: false }`
[INFO] [stderr]     Checking libc v0.2.21
[INFO] [stderr]     Checking regex-syntax v0.4.0
[INFO] [stderr]     Checking rustc-serialize v0.3.23
[INFO] [stderr]     Checking byteorder v1.0.0
[INFO] [stderr]     Checking unreachable v0.1.1
[INFO] [stderr]     Checking thread-id v3.0.0
[INFO] [stderr]     Checking memchr v1.0.1
[INFO] [stderr]     Checking time v0.1.36
[INFO] [stderr]     Checking thread_local v0.3.3
[INFO] [stderr]     Checking aho-corasick v0.6.3
[INFO] [stderr]     Checking regex v0.2.1
[INFO] [stderr]     Checking docopt v0.7.0
[INFO] [stderr]     Checking cleovm v0.1.0 (/opt/rustwide/workdir)
[INFO] [stdout] error[E0432]: unresolved import `self::alloc::heap`
[INFO] [stdout]  --> src/default_opcodes.rs:6:5
[INFO] [stdout]   |
[INFO] [stdout] 6 | use self::alloc::heap;
[INFO] [stdout]   |     ^^^^^^^^^^^^^^^^^ no `heap` in the root
[INFO] [stdout] 
[INFO] [stdout] 
[INFO] [stdout] error[E0432]: unresolved import `self::alloc::heap`
[INFO] [stdout]  --> src/default_opcodes.rs:6:5
[INFO] [stdout]   |
[INFO] [stdout] 6 | use self::alloc::heap;
[INFO] [stdout]   |     ^^^^^^^^^^^^^^^^^ no `heap` in the root
[INFO] [stdout] 
[INFO] [stdout] 
[INFO] [stdout] error[E0433]: failed to resolve: could not find `heap` in `alloc`
[INFO] [stdout]   --> src/script/variable.rs:31:29
[INFO] [stdout]    |
[INFO] [stdout] 31 |                 ptr: alloc::heap::allocate(32, 32),
[INFO] [stdout]    |                             ^^^^ could not find `heap` in `alloc`
[INFO] [stdout] 
[INFO] [stdout] 
[INFO] [stdout] error[E0433]: failed to resolve: could not find `heap` in `alloc`
[INFO] [stdout]   --> src/script/variable.rs:88:30
[INFO] [stdout]    |
[INFO] [stdout] 88 |             let ptr = alloc::heap::allocate(len + 1, 8);
[INFO] [stdout]    |                              ^^^^ could not find `heap` in `alloc`
[INFO] [stdout] 
[INFO] [stdout] 
[INFO] [stdout] error[E0433]: failed to resolve: could not find `heap` in `alloc`
[INFO] [stdout]    --> src/script/variable.rs:106:20
[INFO] [stdout]     |
[INFO] [stdout] 106 |             alloc::heap::deallocate(self.ptr, 32, 32);
[INFO] [stdout]     |                    ^^^^ could not find `heap` in `alloc`
[INFO] [stdout] 
[INFO] [stdout] 
[INFO] [stdout] error[E0433]: failed to resolve: could not find `heap` in `alloc`
[INFO] [stdout]   --> src/script/variable.rs:31:29
[INFO] [stdout]    |
[INFO] [stdout] 31 |                 ptr: alloc::heap::allocate(32, 32),
[INFO] [stdout]    |                             ^^^^ could not find `heap` in `alloc`
[INFO] [stdout] 
[INFO] [stdout] 
[INFO] [stdout] error[E0433]: failed to resolve: could not find `heap` in `alloc`
[INFO] [stdout]   --> src/script/variable.rs:88:30
[INFO] [stdout]    |
[INFO] [stdout] 88 |             let ptr = alloc::heap::allocate(len + 1, 8);
[INFO] [stdout]    |                              ^^^^ could not find `heap` in `alloc`
[INFO] [stdout] 
[INFO] [stdout] 
[INFO] [stdout] error[E0433]: failed to resolve: could not find `heap` in `alloc`
[INFO] [stdout]    --> src/script/variable.rs:106:20
[INFO] [stdout]     |
[INFO] [stdout] 106 |             alloc::heap::deallocate(self.ptr, 32, 32);
[INFO] [stdout]     |                    ^^^^ could not find `heap` in `alloc`
[INFO] [stdout] 
[INFO] [stdout] 
[INFO] [stdout] warning: trait objects without an explicit `dyn` are deprecated
[INFO] [stdout]   --> src/vm.rs:10:32
[INFO] [stdout]    |
[INFO] [stdout] 10 |     handlers: HashMap<u16, Box<Fn(&mut Script) -> Result<bool, OpcodeHandlerErr>>>,
[INFO] [stdout]    |                                ^^^^^^^^^^^^^^^^^^^^^^^^^^^^^^^^^^^^^^^^^^^^^^^^^ help: use `dyn`: `dyn Fn(&mut Script) -> Result<bool, OpcodeHandlerErr>`
[INFO] [stdout]    |
[INFO] [stdout]    = note: `#[warn(bare_trait_objects)]` on by default
[INFO] [stdout] 
[INFO] [stdout] 
[INFO] [stdout] warning: `...` range patterns are deprecated
[INFO] [stdout]    --> src/default_opcodes.rs:157:8
[INFO] [stdout]     |
[INFO] [stdout] 157 |                     1 ... 7 => Ok(thread.set_logical_opcode(LogicalOpcode::And)),
[INFO] [stdout]     |                       ^^^ help: use `..=` for an inclusive range
[INFO] [stdout]     |
[INFO] [stdout]     = note: `#[warn(ellipsis_inclusive_range_patterns)]` on by default
[INFO] [stdout] 
[INFO] [stdout] 
[INFO] [stdout] warning: `...` range patterns are deprecated
[INFO] [stdout]    --> src/default_opcodes.rs:158:9
[INFO] [stdout]     |
[INFO] [stdout] 158 |                     21 ... 27 => Ok(thread.set_logical_opcode(LogicalOpcode::Or)),
[INFO] [stdout]     |                        ^^^ help: use `..=` for an inclusive range
[INFO] [stdout] 
[INFO] [stdout] 
[INFO] [stdout] warning: `...` range patterns are deprecated
[INFO] [stdout]   --> src/main.rs:72:17
[INFO] [stdout]    |
[INFO] [stdout] 72 |             b'0'...b'9' => byte - b'0',
[INFO] [stdout]    |                 ^^^ help: use `..=` for an inclusive range
[INFO] [stdout] 
[INFO] [stdout] 
[INFO] [stdout] warning: `...` range patterns are deprecated
[INFO] [stdout]   --> src/main.rs:73:17
[INFO] [stdout]    |
[INFO] [stdout] 73 |             b'A'...b'F' => byte - b'A' + 10,
[INFO] [stdout]    |                 ^^^ help: use `..=` for an inclusive range
[INFO] [stdout] 
[INFO] [stdout] 
[INFO] [stdout] warning: trait objects without an explicit `dyn` are deprecated
[INFO] [stdout]   --> src/vm.rs:10:32
[INFO] [stdout]    |
[INFO] [stdout] 10 |     handlers: HashMap<u16, Box<Fn(&mut Script) -> Result<bool, OpcodeHandlerErr>>>,
[INFO] [stdout]    |                                ^^^^^^^^^^^^^^^^^^^^^^^^^^^^^^^^^^^^^^^^^^^^^^^^^ help: use `dyn`: `dyn Fn(&mut Script) -> Result<bool, OpcodeHandlerErr>`
[INFO] [stdout]    |
[INFO] [stdout]    = note: `#[warn(bare_trait_objects)]` on by default
[INFO] [stdout] 
[INFO] [stdout] 
[INFO] [stdout] warning: `...` range patterns are deprecated
[INFO] [stdout]    --> src/default_opcodes.rs:157:8
[INFO] [stdout]     |
[INFO] [stdout] 157 |                     1 ... 7 => Ok(thread.set_logical_opcode(LogicalOpcode::And)),
[INFO] [stdout]     |                       ^^^ help: use `..=` for an inclusive range
[INFO] [stdout]     |
[INFO] [stdout]     = note: `#[warn(ellipsis_inclusive_range_patterns)]` on by default
[INFO] [stdout] 
[INFO] [stdout] 
[INFO] [stdout] warning: `...` range patterns are deprecated
[INFO] [stdout]    --> src/default_opcodes.rs:158:9
[INFO] [stdout]     |
[INFO] [stdout] 158 |                     21 ... 27 => Ok(thread.set_logical_opcode(LogicalOpcode::Or)),
[INFO] [stdout]     |                        ^^^ help: use `..=` for an inclusive range
[INFO] [stdout] 
[INFO] [stdout] 
[INFO] [stdout] warning: `...` range patterns are deprecated
[INFO] [stdout]   --> src/main.rs:72:17
[INFO] [stdout]    |
[INFO] [stdout] 72 |             b'0'...b'9' => byte - b'0',
[INFO] [stdout]    |                 ^^^ help: use `..=` for an inclusive range
[INFO] [stdout] 
[INFO] [stdout] 
[INFO] [stdout] warning: `...` range patterns are deprecated
[INFO] [stdout]   --> src/main.rs:73:17
[INFO] [stdout]    |
[INFO] [stdout] 73 |             b'A'...b'F' => byte - b'A' + 10,
[INFO] [stdout]    |                 ^^^ help: use `..=` for an inclusive range
[INFO] [stdout] 
[INFO] [stdout] 
[INFO] [stdout] error: aborting due to 4 previous errors; 5 warnings emitted
[INFO] [stdout] 
[INFO] [stdout] 
[INFO] [stdout] Some errors have detailed explanations: E0432, E0433.
[INFO] [stdout] 
[INFO] [stdout] For more information about an error, try `rustc --explain E0432`.
[INFO] [stdout] 
[INFO] [stderr] error: could not compile `cleovm`.
[INFO] [stderr] 
[INFO] [stderr] To learn more, run the command again with --verbose.
[INFO] [stderr] warning: build failed, waiting for other jobs to finish...
[INFO] [stdout] error: aborting due to 4 previous errors; 5 warnings emitted
[INFO] [stdout] 
[INFO] [stdout] 
[INFO] [stdout] Some errors have detailed explanations: E0432, E0433.
[INFO] [stdout] 
[INFO] [stdout] For more information about an error, try `rustc --explain E0432`.
[INFO] [stdout] 
[INFO] [stderr] error: build failed
[INFO] running `Command { std: "docker" "inspect" "175728b59648ca79efa3e1f0cce17e3aff91c247392f8043dc121eb04887427c", kill_on_drop: false }`
[INFO] running `Command { std: "docker" "rm" "-f" "175728b59648ca79efa3e1f0cce17e3aff91c247392f8043dc121eb04887427c", kill_on_drop: false }`
[INFO] [stdout] 175728b59648ca79efa3e1f0cce17e3aff91c247392f8043dc121eb04887427c
